3?
39
Calculate the highest common factor of 5798 and 104.
26
What is the highest common divisor of 350 and 28?
14
What is the highest common factor of 30 and 140?
10
Calculate the highest common divisor of 8685 and 45.
45
What is the highest common divisor of 208 and 16172?
52
Calculate the highest common factor of 999 and 27.
27
What is the greatest common divisor of 7 and 196?
7
What is the highest common factor of 1026 and 54?
54
Calculate the greatest common divisor of 2048 and 72.
8
Calculate the highest common factor of 1926 and 54.
18
Calculate the highest common divisor of 3108 and 588.
84
Calculate the greatest common divisor of 6655 and 10.
5
Calculate the highest common divisor of 14 and 833.
7
Calculate the greatest common factor of 13 and 13.
13
What is the greatest common factor of 13370 and 80?
10
Calculate the greatest common divisor of 65 and 39.
13
Calculate the highest common factor of 315 and 441.
63
Calculate the greatest common factor of 108 and 126.
18
Calculate the greatest common divisor of 20 and 28.
4
Calculate the highest common divisor of 66 and 2802.
6
What is the greatest common factor of 351 and 39?
39
What is the highest common factor of 265 and 20?
5
What is the greatest common divisor of 8 and 264?
8
What is the highest common divisor of 4 and 3656?
4
What is the highest common divisor of 72 and 2124?
36
Calculate the greatest common factor of 29 and 3.
1
Calculate the greatest common factor of 224 and 42.
14
Calculate the greatest common divisor of 1800 and 216.
72
Calculate the highest common divisor of 319 and 11.
11
What is the highest common factor of 312 and 143?
13
What is the highest common factor of 30 and 480?
30
What is the highest common divisor of 999 and 126?
9
Calculate the highest common factor of 26 and 39.
13
Calculate the highest common factor of 396 and 484.
44
What is the greatest common divisor of 29 and 667?
29
What is the highest common factor of 11358 and 18?
18
What is the highest common divisor of 64 and 2?
2
What is the greatest common divisor of 132 and 12?
12
Calculate the greatest common factor of 138 and 4209.
69
Calculate the highest common divisor of 72 and 153.
9
Calculate the highest common factor of 44 and 82148.
44
Calculate the greatest common divisor of 3388 and 143.
11
Calculate the highest common factor of 493 and 119.
17
What is the greatest common divisor of 16 and 4?
4
Calculate the highest common divisor of 41 and 943.
41
Calculate the greatest common divisor of 2720 and 85.
85
What is the highest common factor of 668 and 12?
4
Calculate the greatest common factor of 81 and 1296.
81
Calculate the greatest common divisor of 627 and 66.
33
What is the greatest common divisor of 17069 and 101?
101
Calculate the greatest common divisor of 2502 and 12.
6
Calculate the greatest common factor of 18 and 4.
2
Calculate the highest common factor of 270 and 2610.
90
What is the greatest common divisor of 44 and 33?
11
Calculate the greatest common factor of 15 and 10.
5
What is the highest common divisor of 3732 and 12?
12
What is the greatest common factor of 55952 and 52?
52
Calculate the greatest common divisor of 96 and 2832.
48
What is the highest common factor of 116 and 116?
116
What is the greatest common divisor of 3886 and 58?
58
What is the greatest common factor of 1155 and 105?
105
Calculate the highest common divisor of 57 and 4161.
57
What is the highest common factor of 496 and 32?
16
What is the greatest common factor of 9152 and 715?
143
Calculate the greatest common factor of 16142 and 14.
14
Calculate the highest common factor of 5 and 40.
5
Calculate the highest common divisor of 2016 and 216.
72
Calculate the greatest common divisor of 49 and 49.
49
Calculate the highest common divisor of 999 and 27.
27
What is the greatest common factor of 16 and 2472?
8
Calculate the greatest common divisor of 364 and 104.
52
Calculate the highest common factor of 150 and 13150.
50
What is the highest common factor of 1184 and 222?
74
Calculate the greatest common divisor of 972 and 72.
36
Calculate the highest common factor of 814 and 121.
11
Calculate the greatest common divisor of 818 and 14.
2
Calculate the highest common divisor of 50 and 13150.
50
Calculate the highest common factor of 312 and 24.
24
Calculate the highest common divisor of 264 and 341.
11
What is the greatest common divisor of 11 and 8767?
11
Calculate the highest common factor of 59 and 649.
59
What is the greatest common factor of 144 and 54?
18
Calculate the greatest common factor of 747 and 20667.
249
Calculate the highest common factor of 81 and 1.
1
What is the highest common divisor of 14 and 35?
7
What is the highest common divisor of 11 and 352?
11
Calculate the highest common factor of 328 and 88.
8
Calculate the greatest common divisor of 14916 and 22.
22
What is the highest common factor of 89 and 979?
89
Calculate the highest common factor of 8 and 4096.
8
What is the greatest common factor of 28 and 18?
2
What is the highest common divisor of 60 and 465?
15
Calculate the greatest common factor of 70 and 1070.
10
What is the highest common factor of 7 and 2709?
7
Calculate the greatest common divisor of 18 and 18.
18
What is the greatest common divisor of 847 and 1936?
121
What is the greatest common factor of 68 and 527?
17
Calculate the highest common factor of 3668 and 28.
28
Calculate the greatest common divisor of 1620 and 495.
45
What is the highest common divisor of 61803 and 42?
21
Calculate the highest common factor of 114 and 213.
3
What is the highest common divisor of 63 and 12?
3
Calculate the greatest common factor of 230 and 10.
10
Calculate the highest common factor of 56 and 686.
14
What is the highest common divisor of 124 and 558?
62
What is the highest common factor of 79107 and 21?
21
What is the greatest common factor of 21 and 42?
21
Calculate the highest common factor of 1034 and 44.
22
Calculate the highest common factor of 144 and 162.
18
What is the highest common factor of 15 and 420?
15
Calculate the greatest common divisor of 3422 and 236.
118
What is the highest common divisor of 66 and 8822?
22
Calculate the greatest common factor of 5782 and 392.
98
Calculate the highest common factor of 1476 and 252.
36
What is the highest common divisor of 2 and 254?
2
What is the highest common factor of 61 and 13847?
61
Calculate the greatest common divisor of 4775 and 25.
25
What is the greatest common factor of 885 and 2301?
177
Calculate the highest common factor of 56 and 322.
14
Calculate the highest common divisor of 297 and 54.
27
Calculate the greatest common factor of 75 and 75.
75
What is the highest common factor of 10 and 206?
2
Calculate the highest common factor of 24 and 282.
6
What is the greatest common factor of 32 and 2880?
32
What is the highest common factor of 1784 and 24?
8
Calculate the highest common divisor of 196 and 644.
28
What is the highest common divisor of 11 and 132?
11
Calculate the highest common factor of 3666 and 117.
39
Calculate the greatest common factor of 53 and 1219.
53
What is the highest common divisor of 384 and 60?
12
Calculate the greatest common factor of 27 and 837.
27
What is the greatest common divisor of 122 and 7808?
122
What is the highest common factor of 4150 and 2656?
166
What is the highest common divisor of 344 and 16?
8
Calculate the highest common divisor of 1808 and 48.
16
Calculate the greatest common divisor of 1029 and 49.
49
Calculate the greatest common divisor of 243 and 5913.
81
Calculate the greatest common factor of 46 and 1242.
46
What is the greatest common factor of 865 and 1903?
173
Calculate the greatest common factor of 710 and 30.
10
Calculate the highest common factor of 60 and 32.
4
What is the highest common divisor of 40 and 55?
5
What is the greatest common factor of 1725 and 69?
69
Calculate the greatest common factor of 30 and 348.
6
Calculate the highest common divisor of 348 and 3364.
116
Calculate the greatest common factor of 26 and 52.
26
What is the greatest common divisor of 117 and 975?
39
What is the greatest common factor of 3634 and 316?
158
What is the greatest common divisor of 2608 and 163?
163
Calculate the highest common divisor of 6490 and 110.
110
What i